
Suppose 22*a - 451318 = 160348. List the prime factors of a.
27803
Let k(s) = -114*s**2 - s - 2. Let g be k(-1). Let t = -120 - g. Let b(q) = 9*q**2 - q - 3. What are the prime factors of b(t)?
227
Suppose -589 = 4*v + 311. Let l = v - -899. List the prime factors of l.
2, 337
Let l(o) be the second derivative of -o**4/2 + 5*o**3/2 + 5*o**2 + 15*o. Let k be l(-6). What are the prime factors of 9/(-15) + k/(-10)?
29
List the prime factors of (48261/(-9))/(-2*(-12)/(-72)).
16087
Let f(q) = q**2 + 13*q - 28. Let h be f(-15). Suppose k - h*p = -0*p + 12, -2*k = -p - 9. List the prime factors of -3 + 4 + (311 + -1)/k.
2, 3, 13
Suppose -32*t + 27*t + 540 = 0. Suppose h + 0 = -4, -2*y - h + t = 0. List the prime factors of y.
2, 7
Let l(m) = 3. Let d(k) = k. Let b(p) = d(p) + l(p). Let n(v) = -v**3 - v - 5. Let i(o) = -5*b(o) - 3*n(o). List the prime factors of i(3).
3, 5
What are the prime factors of 0 + 107*(2/(-7))/(27/(-2268))?
2, 3, 107
Suppose 0 = -11*x + 9*x - 1418. Let a = x - -1119. What are the prime factors of a?
2, 5, 41
Suppose -42 = 5*m - 112. Let o(z) = -z**3 + 19*z**2 + 7*z - 53. List the prime factors of o(m).
5, 41
What are the prime factors of (-2)/(403508/50442 + -8)?
3, 1201
Let r(g) be the third derivative of -25*g**4/8 + 5*g**3/6 + 3*g**2. Suppose 40*v - 28*v + 24 = 0. What are the prime factors of r(v)?
5, 31
Let g(w) = w**3 - 14*w**2 - 81*w - 419. List the prime factors of g(48).
181, 409
Suppose -2*u + 11 = 1. Let y(g) = -g**2 - 6*g - 1. Let c be y(-5). Suppose -2*b - 10 = 2*n - 164, -u*n + c*b = -385. List the prime factors of n.
7, 11
Suppose 11*a = 13*a + 88. Let u(v) = -6*v + 12. Let r be u(-6). Let w = r + a. What are the prime factors of w?
2
Let w(z) = 2*z**2 - z + 583. Let q be w(0). Let s = q + -367. Let i = s - 127. List the prime factors of i.
89
Suppose 0 = 5*s + 2*b + 619 - 3009, 2*b - 1430 = -3*s. Let m = s + -404. List the prime factors of m.
2, 19
Suppose 5*w - 445 = -3*n - 2*n, -2*n = -3*w - 158. Let f = 165 - n. List the prime factors of f.
2, 5
Suppose -25 = -3*h - 5*x, h - 13 = -0*h - 4*x. Suppose 4*g = h*g - 59. Suppose 4*b - 182 = -2*f, 0 = -b + 3*f - 8*f + g. List the prime factors of b.
2, 11
What are the prime factors of 3/1 - 50/(-40)*(-568)/(-1)?
23, 31
List the prime factors of (-312)/117*(-3)/(-2) + 3980.
2, 7, 71
Let m(t) = t**2 - 7*t**3 - t**2 - 5*t - 5 + 3*t + 2*t**2. Let q be m(-5). Suppose k + q = 4*w, w - 108 = 5*k + 134. What are the prime factors of w?
2, 29
Suppose -2*c - 10478 = -2*v, -2*v + 69*c + 10466 = 64*c. What are the prime factors of v?
7, 107
Let r(p) = 43*p - 13. Let o be r(7). Let u be 4/7 - 1 - o/63. List the prime factors of u/55*-1465 + (-2)/11.
7, 19
Let u(w) = -8*w**3 - 63*w**2 - 59*w + 5. List the prime factors of u(-15).
5, 13, 211
Let t(g) be the third derivative of -g**4/24 + 2*g**2. Let v be t(-5). Suppose n + 76 = v*n. What are the prime factors of n?
19
Let x = -3870 - -17851. List the prime factors of x.
11, 31, 41
Suppose -4*r = 3*t - 80, -35 = -3*r - 5*t + 9*t. List the prime factors of (3 - r) + 11 + 143*1.
2, 5, 7
Let v(h) = 65*h + 115. Let k be v(-6). Let g = 306 + k. List the prime factors of g.
31
Let f(r) = 1134*r + 6. Let w(n) = 563*n + 3. Let m(d) = 6*f(d) - 14*w(d). List the prime factors of m(-1).
2, 67
Let j(n) = 30*n**2 - 81*n + 1585. List the prime factors of j(18).
43, 229
What are the prime factors of (3/(-3))/((-37)/1414436)?
2, 19, 503
Suppose -5*q + 11394 = n + 659, -n + 10738 = 4*q. List the prime factors of n.
2, 5, 43
Let j(g) = g**3 - 15*g**2 + 51*g - 3. Suppose -z - 208 = -17*z. What are the prime factors of j(z)?
2, 7, 23
Let x = 15382 - 10093. List the prime factors of x.
3, 41, 43
Let n(a) = -2*a**3 - 3*a**2 - 5*a + 9. Let l be n(3). Let w = l - -696. What are the prime factors of w?
3, 7, 29
Let f = -66 - -113. Suppose 44 + f = n + 4*w, -4*n - w = -304. What are the prime factors of n?
3, 5
Let l(f) = -f**3 + 5*f**2 + 23*f + 7. Let a be l(8). Let k = -109 - -415. List the prime factors of a/(k/(-303) - -1).
101
Suppose -3*y - 3 = 0, -2*j + 4*j = -2*y + 550. Suppose -g = 3*g + j. What are the prime factors of -3 + g/(-21) - (-770)/49?
2
Let m(i) = -i**2 - 9*i + 15. Let k be -3*((2 - -2) + 2/(-3)). Let o be m(k). Suppose 140 = 5*n + o. What are the prime factors of n?
3
Suppose -5 - 76 = -3*a. Suppose 6*r + a = -3*r. Let f = r + 25. What are the prime factors of f?
2, 11
Let y(u) be the first derivative of 9*u**2/2 + 118*u + 226. What are the prime factors of y(-8)?
2, 23
Let k = -375 - -1830. Let m = 3046 - k. What are the prime factors of m?
37, 43
Let y(x) = -4*x + 11. Let b be y(2). Suppose 748 = 7*k - b*k. What are the prime factors of k?
11, 17
Let x be -1 - 4/((-8)/118). Suppose -2*a = 3*n - 426, -x*n + 3*a = -56*n - 271. What are the prime factors of n?
2, 5, 7
Let j = 2101 - 347. List the prime factors of j.
2, 877
Let h(o) = o**3 + 6*o**2 - 5*o + 16. Let m be h(-7). Suppose m*k - 4*x = -508, 7*k + 1043 = 3*k - x. Let a = 397 + k. What are the prime factors of a?
137
Let u be 40/3 + -13 - 50/6. List the prime factors of 5/(-40)*u*813.
3, 271
Let x = 18385 + -11332. What are the prime factors of x?
3, 2351
Let g(k) = 2*k**2 + 12*k + 3. Let n be g(-6). Suppose 46 = n*h - 47. Suppose -l = -h - 54. List the prime factors of l.
5, 17
Let q = 6 - -2. Suppose -q*z + 6*z = 4. List the prime factors of z/12 - 2410/(-60).
2, 5
Let h be (14/(-6))/(8 + (-138)/18). Let v(r) be the third derivative of -7*r**4/24 + 31*r**3/3 + r**2. List the prime factors of v(h).
3, 37
Suppose 6*s + 38 = 32. List the prime factors of (-7)/(s*(-7)/(-371)).
7, 53
Suppose -22*f + 2162 = f. Suppose -475 = f*i - 95*i. List the prime factors of i.
5, 19
Suppose -466*c = -443*c - 256726. List the prime factors of c.
2, 5581
Let h(f) = f**2 + 3*f - 16. Let w be h(-6). Suppose -w*r + 507 = -133. What are the prime factors of r?
2, 5
Let n(p) = 7*p**2 + 90*p - 450. What are the prime factors of n(-37)?
7, 829
Let g = -130 - -119. Let f(a) = -7*a**2 - 119*a + 15. What are the prime factors of f(g)?
3, 53
Let t(p) = -p**2 + 34*p - 96. Let f be (2 + -9)*(24/(-4) - -2). What are the prime factors of t(f)?
2, 3
Let w(t) = -414*t + 104. Let k be w(-5). Suppose 5*n + 2*c = n + k, -4*n + 3*c + 2189 = 0. List the prime factors of n.
5, 109
Let m(q) = -q**2 + 15*q - 46. Let s be m(10). Suppose 5*i = -s*y + 3188, -i = -4*i - 5*y + 1905. What are the prime factors of i?
2, 5
Suppose 112*d + 76549 = 117*d + 2*w, 30658 = 2*d - 4*w. What are the prime factors of d?
15313
Let y be 51 - (5 + -9 + (-4 - -3)). Suppose 0 = 67*a - y*a - 6974. List the prime factors of a.
2, 317
Let u(g) = g**3 + 39*g**2 + 15*g - 158. List the prime factors of u(-38).
2, 179
Let i be 1772 + 4/((-16)/(-12)). Suppose 3*j + 2*f - 1065 = 0, 3*f = 11*j - 16*j + i. List the prime factors of j.
5, 71
Let w = -73 + 75. Suppose 3*d - 9 = -z, z + d + w - 5 = 0. Suppose z*q + 285 = 5*q. List the prime factors of q.
3, 19
Let l(g) = 44*g - 159. Let j be l(12). Let q = 173 + j. List the prime factors of q.
2, 271
Suppose -2*q = q - 10*q. Suppose 3*j - k = 2*j - 10, q = 4*k - 8. List the prime factors of j/(-12) + 1556/6.
2, 5, 13
Let b(q) be the second derivative of -q**5/20 + 5*q**4/12 + 5*q**3/3 + 23*q**2/2 + q + 9. List the prime factors of b(-9).
11, 97
Let r = -262 - 50. Let v = r - -347. What are the prime factors of v?
5, 7
Suppose 18*x - 16*x + 4*q = 11130, 2*q + 6 = 0. List the prime factors of x.
3, 619
Let c = 9 - -167. Suppose -3*t - 203 - c = -2*x, -3*x + 526 = 4*t. List the prime factors of x.
2, 7, 13
What are the prime factors of ((-1)/(-1))/(178/4279298)?
29, 829
Let s(k) be the third derivative of 0 + k**3 + 1/60*k**5 + 16*k**2 + 0*k + 0*k**4. List the prime factors of s(6).
2, 3, 7
Suppose 0 = -2*a - 4*s + 37838, 234*s + 94639 = 5*a + 233*s. List the prime factors of a.
3, 701
Let m = 10506 + -7331. List the prime factors of m.
5, 127
What are the prime factors of (-5847)/(2/6*(-198)/44)?
2, 1949
Suppose 19 = 5*v + 4. Let t(l) = -24 + 170*l + 21 - 122*l. What are the prime factors of t(v)?
3, 47
Suppose -42 = -4*t - 3*r + 73, -2*r = -3*t + 65. Let a be (-5)/(3 - (-20)/(-6)). List the prime factors of 2889/a + 1 + 10/t.
2, 97
Suppose 0 = -2*k + 4*y + 1104, -1648 = -3*k - y - y. Suppose -3*f + 69